d by c.
7
Let p(m) = -m**3 - 4*m**2 - m - 7. Let h(c) = c**2 + c - 5. Let u be h(0). Calculate the remainder when 44 is divided by p(u).
21
Suppose 0*a + a = -5*f + 46, -42 = -3*f + 3*a. Calculate the remainder when 27 is divided by f.
7
Calculate the remainder when 50 is divided by (-14)/(-21)*(-29 - -2)/(-1).
14
Suppose 0 = 3*q + 2*q - 15. Suppose 5*w = c + 58, 4*w = 2*w - q*c + 13. Suppose 0 = -4*a + 240 - 76. Calculate the remainder when a is divided by w.
8
Let u(d) = 2*d + 29. What is the remainder when 57 is divided by u(0)?
28
Let t(j) = 19*j**2 - 1. Suppose -72 = 3*n + 33. What is the remainder when (-3 - n) + (2 - 0) is divided by t(1)?
16
Suppose -2*l - 3*l = -330. Calculate the remainder when l is divided by 17.
15
Suppose -4*m + 24 = -2*m. Let j = m - -12. What is the remainder when 94 is divided by j?
22
Let i(s) = 2*s**2 + 9*s + 5. Let r(d) = d**2 - 6. Let a be r(0). What is the remainder when i(a) is divided by 12?
11
Let x(i) = -i**3 - 10*i**2 - i - 1. Let r(b) = -b**3 + b**2 + b + 25. Calculate the remainder when r(0) is divided by x(-10).
7
Suppose 5*w = l + 204, 6*w = 3*w + 3*l + 120. What is the remainder when w is divided by 22?
19
Let o(i) = i**2 + i + 1. Let k(j) = 7*j + 1. Let v be ((-6)/(-3))/(-3 - -1). Let m be k(v). Calculate the remainder when o(m) is divided by 11.
9
Let c(o) be the first derivative of -o**3/3 - 11*o**2/2 + 14*o + 5. Calculate the remainder when c(-10) is divided by 13.
11
Let j(l) be the third derivative of l**6/60 - l**5/60 - 2*l**2. Calculate the remainder when 206/6 - 4/(-6) is divided by j(2).
11
Suppose 5*s = 1 - 21. Let u(a) = -7*a. Let i be u(s). Suppose 5*g - 39 = -h, 3*g = -h - 5 + i. What is the remainder when 23 is divided by g?
7
Let d(j) = j**3 + 11*j**2 + 7*j - 22. Calculate the remainder when (13 - 2) + 2*1 is divided by d(-10).
5
Let f(g) = g**3 - 3*g**2 - 4*g + 4. Let h be f(4). Let t = 6 - h. What is the remainder when (0 - (1 + -9)) + t is divided by 4?
2
Suppose x - 6 = 3*x, 3*h + 6 = -4*x. Calculate the remainder when (14/6)/((-6)/(-18)) is divided by h.
1
Let s be (-1)/3 - (-80)/15. Suppose y - 9 = n, -s*y + 24 = n + n. What is the remainder when 23 is divided by y?
5
Let y(i) = 3*i + 17. Let m be y(-10). Let o = m + 24. What is the remainder when 20 is divided by o?
9
Suppose -3*w + 0*b = -4*b - 62, -4*w = -4*b - 80. Suppose 0 = -2*z + 1 + 5. What is the remainder when w is divided by (6/4)/(z/20)?
8
Let m(b) = 9*b**2 + b. Suppose -2 = 5*q - 17. Let w be m(q). What is the remainder when 14 is divided by w/10 + 4/(-10)?
6
Let g(i) = i**3 + 9*i**2 + 7*i - 6. Let w be g(-8). Suppose -w*j + 12 = -0*j. Calculate the remainder when 17 is divided by j.
5
Let w(m) = -m**3 + 4*m**2 + 15*m - 3. What is the remainder when w(6) is divided by 3?
0
What is the remainder when 90 is divided by (124/(-16) + 2)*-4?
21
Let f = 158 - 152. Calculate the remainder when 39 is divided by f.
3
Suppose 4*o - 20 = 0, o = -5*s - 6 + 1. Let h be 6*(s + (-27)/(-6)). Let d = h + -6. Calculate the remainder when 16 is divided by d.
7
Let s be (-4)/(-6) - 11/3. What is the remainder when (-112)/s + 2/(-6) is divided by 19?
18
Let f be 0/1 - (1 + -2). Let o = f - -1. What is the remainder when ((-11)/o)/((-1)/2) is divided by 6?
5
Let a(s) = 10*s**3 - s**2. What is the remainder when 35 is divided by a(1)?
8
Suppose 70 = 2*x + 3*x. Let l(g) = -g**2 + 8. Calculate the remainder when x is divided by l(0).
6
Let l(a) = 12*a**2 + a - 1. Let v be l(1). Suppose -8*g + 7*g = -v. Suppose s = 3*p + 7 - 26, 4*p + s - 30 = 0. Calculate the remainder when g is divided by p.
5
Suppose -2*l + 2*u + 91 = 3*l, u - 97 = -5*l. Calculate the remainder when 55 is divided by l.
17
Let q = 2 + -2. Suppose q*a - 5 = -a. Suppose -y + 1 = 4*f - 10, -a*f = -2*y + 87. Calculate the remainder when y is divided by 8.
7
What is the remainder when (3 - 39)*(-45)/20 is divided by 21?
18
Suppose 0*u + 2*u + 14 = 0. Let i = u - -17. Calculate the remainder when 17 is divided by i.
7
What is the remainder when (5/4)/(5/20) is divided by 2?
1
What is the remainder when 244/6*3 + 0/6 is divided by 31?
29
Suppose 58 = 5*j - 4*p, 0*p + 45 = 3*j + p. What is the remainder when 55 is divided by j?
13
Let o = -45 + 60. Suppose 0 = 2*w + 2*w - 220. Calculate the remainder when w is divided by o.
10
Suppose -l + 3 + 10 = 0. Let v be 3/(((-2)/(-4))/(-1)). Let u(p) = p**2 + 2*p. What is the remainder when u(v) is divided by l?
11
Let k = -5 + 15. Calculate the remainder when k is divided by 6.
4
Let w = 158 - 133. What is the remainder when w is divided by 4?
1
Suppose -q - 4 - 8 = 4*s, 0 = -2*q - 2*s. What is the remainder when q is divided by 2?
0
Let k(q) = 2*q**2 - 13. Calculate the remainder when k(-8) is divided by 29.
28
Calculate the remainder when 21 is divided by (72/45)/((-2)/(-15)).
9
Suppose -2*q = -3*t - 6*q + 41, 0 = -5*t + q + 99. Suppose 6*p - t - 47 = 0. What is the remainder when 32 is divided by p?
10
Suppose 2*a - 282 = 122. Calculate the remainder when (-21)/(-1) + 0/(-3) is divided by a/18 - (-10)/(-45).
10
What is the remainder when 101 is divided by (3 - 7) + (37 - -2)?
31
Calculate the remainder when ((-1)/2)/((-1)/90) is divided by 8.
5
Suppose 7 = 3*r - 23. What is the remainder when 25 is divided by r?
5
Suppose 0 = 2*q - s - 95, 208 = q + 3*q + 4*s. Calculate the remainder when q is divided by 26.
23
Let u(i) = 4*i**2 + i - 2. Calculate the remainder when u(-3) is divided by 11.
9
Suppose 4 = 3*f + 10. Calculate the remainder when 15 is divided by ((2 + -3)*16)/f.
7
Suppose -7*g + 2*g + 510 = 0. Suppose 4*s - 2*s - g = -3*d, -4*d - 4*s = -140. Calculate the remainder when d is divided by 17.
15
Let j = -67 - -155. What is the remainder when j is divided by 23?
19
Let s = -13 + 47. What is the remainder when s is divided by 18?
16
Suppose -p + 2*f - 5 = -0*p, 2*p + 3*f = -3. Let w = -4 - p. What is the remainder when 18*(-2)/(-4) - w is divided by 4?
2
Let h = 10 - 6. Suppose -3*r + 2 + 10 = 0. Suppose 0 = -7*q + r*q + 39. What is the remainder when q is divided by h?
1
Suppose 26 = -3*l + 110. What is the remainder when 82 is divided by l?
26
Let h = 4 + 4. Suppose -z + 9 = -11. Calculate the remainder when z is divided by h.
4
Suppose -2*u - 2 + 3 = -3*r, -3*u = -6. Let v be (0 - -2)*(-1 - r). What is the remainder when 3 is divided by (-1 - -6)*v/(-10)?
1
Suppose -4*m + m = -33. What is the remainder when 52 is divided by m?
8
Let u = 152 + -103. Calculate the remainder when u is divided by 17.
15
Suppose -2*r = 3*n - n - 62, -4*r = -4*n - 164. What is the remainder when r is divided by 19?
17
Let i = -12 - -4. What is the remainder when 21 is divided by 4*((-38)/i + -2)?
10
Suppose 0 = -5*k + 8 + 2. What is the remainder when (-33)/(-3 - 0) - k is divided by 3?
0
Let d = -4 + 8. Suppose k - d = -k. What is the remainder when 4 is divided by k?
0
Suppose 0 = -3*t + 3, 4*x - 2*x - 19 = -5*t. What is the remainder when 20 is divided by x?
6
Let c(t) = t**3 + 9*t**2 - 3*t + 4. Let i(j) = -2*j**3 - 10*j**2 + 2*j - 3. Let o(s) = 3*c(s) + 2*i(s). Calculate the remainder when o(6) is divided by 7.
5
Let n(r) = r + 1. Let m be -3*2/4*2. Calculate the remainder when 5 + -2 + 0 - m is divided by n(3).
2
Let a = 8 + -3. Suppose 0 = -a*o + o + 56. Suppose -5*f + 44 = -161. What is the remainder when f is divided by o?
13
Let q(a) = -2*a - 6. Let t be q(-4). Suppose -t*p = -7*p + 30. Suppose 50 = -c + p*c. Calculate the remainder when c is divided by 4.
2
Suppose -2*b - 110 = -2*r - 38, 4*b = -2*r + 78. Calculate the remainder when 147 is divided by r.
36
Let m be (1 - 17/1)/1. Let p(n) = -n**3 - n**2 - n - 1. Calculate the remainder when ((-9)/6)/(3/m) is divided by p(-2).
3
Let t(g) = 8*g - 6. Let k = 13 + -4. Calculate the remainder when t(4) is divided by k.
8
What is the remainder when 47 is divided by (-177)/(-18) + 2*(-2)/(-24)?
7
Suppose -13 = x - 2*x. What is the remainder when x is divided by 6?
1
Suppose -2*g = -0*g - 12. Let j = g - -3. Calculate the remainder when 35 is divided by j.
8
Let x(i) = i - 1. Let y be x(14). Let r = -7 + y. Calculate the remainder when 17 is divided by r.
5
Let m = 114 + -107. Calculate the remainder when 60 is divided by m.
4
What is the remainder when 17 is divided by (2 + 0)*(-3 + 12)/